, what is 200245 - -3?
200250
In base 12, what is -169aa9 + -5?
-169ab2
In base 4, what is 2210 + 21221?
30031
In base 10, what is 6 - -689837?
689843
In base 3, what is 10 - 1222112001?
-1222111221
In base 6, what is 3 + -111012?
-111005
In base 11, what is 1 - 2a0122?
-2a0121
In base 9, what is -4622 + -18?
-4641
In base 13, what is -4 - 2270c?
-22713
In base 6, what is 12424 - -1311?
14135
In base 6, what is -4 + 452312?
452304
In base 2, what is -1000011 + -100111010100010?
-100111011100101
In base 16, what is e0 + -2ad7?
-29f7
In base 4, what is 110132221 + 10?
110132231
In base 11, what is 4 - 2592?
-2589
In base 7, what is -113421 + 15?
-113403
In base 8, what is 30132 + 21?
30153
In base 13, what is 0 + -6392?
-6392
In base 3, what is 100 + -112222?
-112122
In base 14, what is -2c1 + -9?
-2ca
In base 6, what is 3542 - -5014?
13000
In base 11, what is -4 + -201007?
-201010
In base 8, what is 1045221 + 6?
1045227
In base 10, what is -7 - 8911?
-8918
In base 5, what is 1422040 - 0?
1422040
In base 9, what is 4 + 4828?
4833
In base 9, what is -3 - 13768?
-13772
In base 6, what is 4024 + -22051?
-14023
In base 4, what is -212000332 - 12?
-212001010
In base 4, what is 0 - 20323312?
-20323312
In base 7, what is 6 - 211605?
-211566
In base 2, what is -100 - 10001010111010?
-10001010111110
In base 14, what is -1d363 - -2?
-1d361
In base 3, what is 10 + 121022020111?
121022020121
In base 13, what is 10c9 + c?
1108
In base 16, what is -19d2 - -71?
-1961
In base 8, what is -6355 - 25?
-6402
In base 9, what is 3508 - 58?
3440
In base 14, what is c - 12cc?
-12c0
In base 3, what is 10 + -11011222020?
-11011222010
In base 11, what is 316 - -166?
481
In base 14, what is 21cab - -4?
21cb1
In base 10, what is 78 + -390?
-312
In base 11, what is 1 + -a290?
-a28a
In base 16, what is 2dc2 + -15?
2dad
In base 14, what is 10 + -29158?
-29148
In base 10, what is -1054 + 227?
-827
In base 16, what is -1b1f + -3?
-1b22
In base 13, what is -590474 + -2?
-590476
In base 12, what is -a + -33118?
-33126
In base 5, what is -1014031 - -14?
-1014012
In base 11, what is 17175 - -41?
17206
In base 5, what is 12003 - -14110?
31113
In base 5, what is 110201001 - 10?
110200441
In base 6, what is 503403 - 14?
503345
In base 15, what is 2c0 - 46?
279
In base 5, what is -44 - 1043304?
-1043403
In base 8, what is 646 - -111?
757
In base 2, what is 11101110011 - -111101000111?
1011010111010
In base 15, what is -9 - 4c90e?
-4c918
In base 9, what is -422481 - 4?
-422485
In base 8, what is -740 - 2?
-742
In base 13, what is -103c - 47?
-1086
In base 16, what is -84 + -2be1?
-2c65
In base 10, what is -48 - -7531?
7483
In base 5, what is 10 - 11334003?
-11333443
In base 4, what is -23111323 - -11?
-23111312
In base 4, what is -1221210130 + -2?
-1221210132
In base 10, what is 16161 - -206?
16367
In base 12, what is 144a + 1?
144b
In base 13, what is 41 - 13a?
-c9
In base 11, what is 2 - -84168?
8416a
In base 4, what is 0 + -13302300?
-13302300
In base 10, what is 114333 + 11?
114344
In base 9, what is 31 - -700?
731
In base 7, what is 4 + 66234?
66241
In base 5, what is 102 - 11132422?
-11132320
In base 13, what is -4728 - -12c?
-45c9
In base 4, what is -1011 - -11013?
10002
In base 8, what is -7 - -27443?
27434
In base 15, what is -95ce + a?
-95c4
In base 7, what is 2 - 1026512?
-1026510
In base 16, what is 26bd + 86?
2743
In base 6, what is 1 - -122324?
122325
In base 8, what is -277635 + 2?
-277633
In base 10, what is -216876 - 5?
-216881
In base 16, what is -28fae9 + -1?
-28faea
In base 16, what is bd2b - -7?
bd32
In base 15, what is 12b57 - 6?
12b51
In base 4, what is 2112 + 12030?
20202
In base 8, what is -36175 + 73?
-36102
In base 11, what is -23965 - -2?
-23963
In base 15, what is 47e - -4cc?
95b
In base 15, what is -12430 - -11?
-1241e
In base 7, what is -5 - 41025?
-41033
In base 15, what is 444 + -140?
304
In base 8, what is 1764 - 34?
1730
In base 12, what is 183 + -23b2?
-222b
In base 4, what is -2331010321 - -1?
-2331010320
In base 12, what is 185091 - 1?
185090
In base 16, what is -3719 - 200?
-3919
In base 3, what is -1011001 - 110?
-1011111
In base 4, what is 2 - -2020003?
2020011
In base 7, what is 21053 - 504?
20246
In base 11, what is 180 + -a3?
88
In base 2, what is 100110111011010 - -10000011?
100111001011101
In base 14, what is c4b9 + -5?
c4b4
In base 11, what is -26 - 7637?
-7662
In base 16, what is -8 + -1c18?
-1c20
In base 12, what is -57a - 1243?
-1801
In base 12, what is 2 - 179034?
-179032
In base 5, what is -14033 + -4341?
-23424
In base 11, what is -135 - 5a6?
-730
In base 11, what is 1 + -114394?
-114393
In base 9, what is -22 - 71636?
-71658
In base 10, what is -95 - -255?
160
In base 6, what is 455 - -32045?
32544
In base 11, what is -32 - -1703?
1681
In base 6, what is 14 - -205542?
210000
In base 15, what is 391 + 20e2?
2483
In base 14, what is bd8 - -83?
c7b
In base 16, what is -2 - 21fbf?
-21fc1
In base 9, what is 226015 + -5?
226010
In base 8, what is 10 - 16556?
-16546
In base 6, what is -3 + 24403?
24400
In base 16, what is -344 - 157?
-49b
In base 9, what is -40 - 357?
-407
In base 3, what is 200110222012 - 2?
200110222010
In base 10, what is 24 - -30383?
30407
In base 4, what is -1 - 1001032021?
-1001032022
In base 3, what is -2 + -1201102112?
-1201102121
In base 4, what is 102002300 - -1?
102002301
In base 4, what is -110012020 + -11?
-110012031
In base 11, what is 157a3a7 + -2?
157a3a5
In base 15, what is 108 + 422?
52a
In base 12, what is -1a1 + -ba?
-29b
In base 5, what is 14020 + 1220?
20240
In base 8, what is -1156475 + 2?
-1156473
In base 3, what is -2120001111 - 2?
-2120001120
In base 10, what is 24 + 191597?
191621
In base 15, what is -6c + 33?
-39
In base 16, what is -5a7 - -7c?
-52b
In base 6, what is 44324330 + -1?
44324325
In base 10, what is -1 - -559354?
559353
In base 15, what is -77 + 1?
-76
In base 13, what is 1b4 + 2178?
235c
In base 15, what is -1 + aa0e?
aa0d
In base 15, what is -c3 + -d5?
-1a8
In base 5, what is 24344 + 1301?
31200
In base 2, what is 1011101100101100011110 + 11?
1011101100101100100001
In base 8, what is -752533 + 0?
-752533
In base 16, what is 7f4b + 5?
7f50
In base 8, what is 617606 - 3?
617603
In base 5, what is 13 + 11131340?
11131403
In base 12, what is 9 + 17b44?
17b51
In base 3, what is -12012020021 + -11?
-12012020102
In base 14, what is -2a10a + 4?
-2a106
In base 6, what is -53 + -430531?
-431024
In base 16, what is -5 + 13778?
13773
In base 14, what is -6c0 + -28?
-708
In base 15, what is -1e88 + a?
-1e7d
In base 13, what is -1 - -2a227?
2a226
In base 14, what is -c85 - 2?
-c87
In base 6, what is -124041 - -103?
-123534
In base 7, what is 320133 + -5?
320125
In base 2, what is -1001101 + -1101011000?
-1110100101
In base 16, what is -647 - 26?
-66d
In base 2, what is 100001100101111 - -11?
100001100110010
In base 3, what is -22 - 11002012010?
-11002012102
In base 10, what is -644 + 66?
-578
In base 16, what is -27cab2 - 0?
-27cab2
In base 12, what is -ba - 437?
-535
In base 13, what is 3 + 5200?
5203
In base 13, what is -a6a2 + 4?
-a69b
In base 6, what is -121001 - -331?
-120230
In base 11, what is -3826 + -2?
-3828
In base 15, what is -2c + 146b?
143e
In base 2, what is -1011100 - -10010000?
110100
In base 10, what is -148 + 2629?
2481
In base 2, what is 110010 + 10001000?
10111010
In base 2, what is -10110100011 + -10011?
-10110110110
In base 9, what is 1 - -1303612?
1303613
In base 8, what is 5 - -4560?
4565
In base 3, what is 10120200 + 2020?
10122220
In base 15, what is 842 - 3?
83e
In base 16, what is -cdc9 + -27?
-cdf0
In base 11, what is -2268 - 69?
-2326
In base 6, what is -13 + -132025?
-132042
In base 10, what is -76472 - -2?
-76470
In base 5, what is 0 - 34343?
-34343
In base 6, what is -152414 - -20?
-152354
In base 9, what is 3 + 32780?
32783
In base 11, what is 398 - -359?
746
In base 11, what is 12a62 - 19?
12a44
In base 12, what is -94769 - 2?
-9476b
In base 6, what is 5 - 140354?
-140345
In base 4, what is 31 + -103002?
-102311
In base 10, what is -800661 - -3?
-800658
In base 6, what is -204 - 541?
-1145
In base 8, what is -10 - -35554?
35544
In base 5, what is 24430242 - 2?
24430240
In base 13, what is 5584 - -2b?
55b2
In base 14, what is -419 + 44?
-3b5
In base 3, what 